{"id":32,"date":"2020-11-14T15:14:38","date_gmt":"2020-11-14T14:14:38","guid":{"rendered":"http:\/\/entreterreetciel.org\/?page_id=32"},"modified":"2026-03-07T19:15:50","modified_gmt":"2026-03-07T18:15:50","slug":"artisanat","status":"publish","type":"page","link":"https:\/\/entreterreetciel.org\/index.php\/artisanat\/","title":{"rendered":"Artisanat \/ Culture\/Nature"},"content":{"rendered":"\n<div class=\"wp-block-media-text alignfull\" style=\"grid-template-columns:15% auto\"><figure class=\"wp-block-media-text__media\"><img loading=\"lazy\" decoding=\"async\" width=\"800\" height=\"600\" src=\"http:\/\/entreterreetciel.org\/wp-content\/uploads\/2020\/12\/aile-seule.jpg\" alt=\"\" class=\"wp-image-210 size-full\" srcset=\"https:\/\/entreterreetciel.org\/wp-content\/uploads\/2020\/12\/aile-seule.jpg 800w, https:\/\/entreterreetciel.org\/wp-content\/uploads\/2020\/12\/aile-seule-300x225.jpg 300w, https:\/\/entreterreetciel.org\/wp-content\/uploads\/2020\/12\/aile-seule-768x576.jpg 768w\" sizes=\"auto, (max-width: 800px) 100vw, 800px\" \/><\/figure><div class=\"wp-block-media-text__content\">\n<p><br><\/p>\n\n\n\n<p><strong>BERTHOU YNESTA Myriam<\/strong><br>(Les r\u00eaves de Myriam)<br>Naturopathe\/conseill\u00e8re en Fleurs de Bach\/cr\u00e9atrice<br>myriam.berthouynesta@gmail.com<br>06.48.23.73.06<br><a href=\"http:\/\/www.myriamnaturopathe.fr\">www.myriamnaturopathe.fr<\/a><br><a href=\"http:\/\/lesrevesdemyriam.fr\">http:\/\/lesrevesdemyriam.fr<\/a><\/p>\n\n\n\n<p><strong>DEFERT Lo\u00efc<\/strong><br>(C\u0153ur tambour)<br>Cr\u00e9ation de tambour\/accompagnement \u00e0 la cr\u00e9ation de tambour\/hochets\/instruments de musique<br>coeurtambour29@gmail.com<br>07.81.19.67.96<br><a href=\"http:\/\/www.coeurtambour.com\">http:\/\/www.coeurtambour.com<\/a><br><br><\/p>\n\n\n\n<p><strong>KLEIN Martine<\/strong><br>(Fil&amp;Soi)<br>Psychog\u00e9n\u00e9alogie et accompagnement spirituel\/tisserande<br>fil.soi.mk@gmail.com<br>06.26.70.59.41<br><a href=\"http:\/\/www.filetsoi.fr\">http:\/\/www.filetsoi.fr<\/a><\/p>\n\n\n\n<p><strong>LE CAIGNEC S\u00e9verine<\/strong><br>(les biens-f\u00e9e d&rsquo;Anthalya)<br>Cr\u00e9atrice\/Artisane bijoux et autres produits<br>elfecreative@gmail.com<br>07.68.6135.92<br><a href=\"https:\/\/lesbiensfeedanthalya.sumupstore.com\/\">https:\/\/lesbiensfeedanthalya.sumupstore.com\/<\/a><\/p>\n\n\n\n<p><\/p>\n\n\n\n<p><strong>MENARD David<\/strong><br>(c\u0153ur d&rsquo;Agate)<br>Min\u00e9raux et bijoux artisanaux pour le bien-\u00eatre<br>coeurdagate@gmail.com <br> 06.62.05.05.25<br><a href=\"http:\/\/coeurdagate.fr\">http:\/\/coeurdagate.fr<\/a><\/p>\n\n\n\n<p><strong>THOMAS Jean-Fran\u00e7ois<\/strong><br>G\u00e9obiologue<br>tjeanfrancois@sfr.fr<br>06.23.73.39.63<br><a href=\"https:\/\/geobio56.fr\">https:\/\/geobio56.fr<\/a><\/p>\n\n\n\n<p><strong>VERONNEAU Josette<\/strong><br>Conseill\u00e8re en fleurs de Bach et \u00e9lixirs floraux<br>josettelenaour@gmail.com<br>06.67.66.31.87<\/p>\n\n\n\n<p><strong>VILLIEU Enora et J\u00e9r\u00e9mie<\/strong><br>(Association \u00ab\u00a0Entre soins\u00a0\u00bb)<br>Bien-\u00eatre et cr\u00e9ations sensibles<br>Enora@mailoo.org<br>07.88.81.81.39<br><a href=\"http:\/\/www.explorations-sensibles.com\">http:\/\/www.explorations-sensibles.com<\/a><br>TEHATAN sur Facebook, instagram et you tube<br><br><br><\/p>\n\n\n\n<p><\/p>\n\n\n\n<p><\/p>\n\n\n\n<p><\/p>\n\n\n\n<p><br><\/p>\n<\/div><\/div>\n\n\n\n<div class=\"wp-block-media-text alignfull\" style=\"grid-template-columns:15% auto\"><figure class=\"wp-block-media-text__media\"><img loading=\"lazy\" decoding=\"async\" width=\"800\" height=\"600\" src=\"http:\/\/entreterreetciel.org\/wp-content\/uploads\/2020\/12\/aile-seule.jpg\" alt=\"\" class=\"wp-image-210 size-full\" srcset=\"https:\/\/entreterreetciel.org\/wp-content\/uploads\/2020\/12\/aile-seule.jpg 800w, https:\/\/entreterreetciel.org\/wp-content\/uploads\/2020\/12\/aile-seule-300x225.jpg 300w, https:\/\/entreterreetciel.org\/wp-content\/uploads\/2020\/12\/aile-seule-768x576.jpg 768w\" sizes=\"auto, (max-width: 800px) 100vw, 800px\" \/><\/figure><div class=\"wp-block-media-text__content\">\n<p class=\"has-large-font-size\"><\/p>\n<\/div><\/div>\n\n\n\n<div class=\"wp-block-media-text alignfull\" style=\"grid-template-columns:15% auto\"><figure class=\"wp-block-media-text__media\"><img loading=\"lazy\" decoding=\"async\" width=\"800\" height=\"600\" src=\"http:\/\/entreterreetciel.org\/wp-content\/uploads\/2020\/12\/aile-seule.jpg\" alt=\"\" class=\"wp-image-210 size-full\" srcset=\"https:\/\/entreterreetciel.org\/wp-content\/uploads\/2020\/12\/aile-seule.jpg 800w, https:\/\/entreterreetciel.org\/wp-content\/uploads\/2020\/12\/aile-seule-300x225.jpg 300w, https:\/\/entreterreetciel.org\/wp-content\/uploads\/2020\/12\/aile-seule-768x576.jpg 768w\" sizes=\"auto, (max-width: 800px) 100vw, 800px\" \/><\/figure><div class=\"wp-block-media-text__content\">\n<p class=\"has-large-font-size\"><\/p>\n<\/div><\/div>\n\n\n\n<div class=\"wp-block-media-text alignfull\" style=\"grid-template-columns:15% auto\"><figure class=\"wp-block-media-text__media\"><img loading=\"lazy\" decoding=\"async\" width=\"800\" height=\"600\" src=\"http:\/\/entreterreetciel.org\/wp-content\/uploads\/2020\/12\/aile-seule.jpg\" alt=\"\" class=\"wp-image-210 size-full\" srcset=\"https:\/\/entreterreetciel.org\/wp-content\/uploads\/2020\/12\/aile-seule.jpg 800w, https:\/\/entreterreetciel.org\/wp-content\/uploads\/2020\/12\/aile-seule-300x225.jpg 300w, https:\/\/entreterreetciel.org\/wp-content\/uploads\/2020\/12\/aile-seule-768x576.jpg 768w\" sizes=\"auto, (max-width: 800px) 100vw, 800px\" \/><\/figure><div class=\"wp-block-media-text__content\">\n<p class=\"has-large-font-size\"><\/p>\n<\/div><\/div>\n\n\n\n<div class=\"wp-block-columns are-vertically-aligned-bottom is-layout-flex wp-container-core-columns-is-layout-9d6595d7 wp-block-columns-is-layout-flex\">\n<div class=\"wp-block-column is-vertically-aligned-bottom is-layout-flow wp-block-column-is-layout-flow\" style=\"flex-basis:100%\">\n<div class=\"wp-block-group\"><div class=\"wp-block-group__inner-container is-layout-flow wp-block-group-is-layout-flow\">\n<div class=\"wp-block-columns is-layout-flex wp-container-core-columns-is-layout-9d6595d7 wp-block-columns-is-layout-flex\">\n<div class=\"wp-block-column is-layout-flow wp-block-column-is-layout-flow\" style=\"flex-basis:100%\"><\/div>\n<\/div>\n<\/div><\/div>\n<\/div>\n<\/div>\n\n\n\n<p><\/p>\n","protected":false},"excerpt":{"rendered":"<p>BERTHOU YNESTA Myriam(Les r\u00eaves de Myriam)Naturopathe\/conseill\u00e8re en Fleurs de Bach\/cr\u00e9atricemyriam.berthouynesta@gmail.com06.48.23.73.06www.myriamnaturopathe.frhttp:\/\/lesrevesdemyriam.fr DEFERT Lo\u00efc(C\u0153ur tambour)Cr\u00e9ation de tambour\/accompagnement \u00e0 la cr\u00e9ation de tambour\/hochets\/instruments de musiquecoeurtambour29@gmail.com07.81.19.67.96http:\/\/www.coeurtambour.com KLEIN Martine(Fil&amp;Soi)Psychog\u00e9n\u00e9alogie et accompagnement spirituel\/tisserandefil.soi.mk@gmail.com06.26.70.59.41http:\/\/www.filetsoi.fr LE CAIGNEC S\u00e9verine(les biens-f\u00e9e d&rsquo;Anthalya)Cr\u00e9atrice\/Artisane bijoux et autres produitselfecreative@gmail.com07.68.6135.92https:\/\/lesbiensfeedanthalya.sumupstore.com\/ MENARD David(c\u0153ur d&rsquo;Agate)Min\u00e9raux et bijoux artisanaux pour le bien-\u00eatrecoeurdagate@gmail.com 06.62.05.05.25http:\/\/coeurdagate.fr THOMAS Jean-Fran\u00e7oisG\u00e9obiologuetjeanfrancois@sfr.fr06.23.73.39.63https:\/\/geobio56.fr VERONNEAU JosetteConseill\u00e8re en fleurs de Bach et <a class=\"read-more\" href=\"https:\/\/entreterreetciel.org\/index.php\/artisanat\/\">Lire la suite<\/a><\/p>\n","protected":false},"author":1,"featured_media":0,"parent":0,"menu_order":0,"comment_status":"closed","ping_status":"closed","template":"","meta":{"footnotes":""},"class_list":["post-32","page","type-page","status-publish","hentry"],"_links":{"self":[{"href":"https:\/\/entreterreetciel.org\/index.php\/wp-json\/wp\/v2\/pages\/32","targetHints":{"allow":["GET"]}}],"collection":[{"href":"https:\/\/entreterreetciel.org\/index.php\/wp-json\/wp\/v2\/pages"}],"about":[{"href":"https:\/\/entreterreetciel.org\/index.php\/wp-json\/wp\/v2\/types\/page"}],"author":[{"embeddable":true,"href":"https:\/\/entreterreetciel.org\/index.php\/wp-json\/wp\/v2\/users\/1"}],"replies":[{"embeddable":true,"href":"https:\/\/entreterreetciel.org\/index.php\/wp-json\/wp\/v2\/comments?post=32"}],"version-history":[{"count":86,"href":"https:\/\/entreterreetciel.org\/index.php\/wp-json\/wp\/v2\/pages\/32\/revisions"}],"predecessor-version":[{"id":1786,"href":"https:\/\/entreterreetciel.org\/index.php\/wp-json\/wp\/v2\/pages\/32\/revisions\/1786"}],"wp:attachment":[{"href":"https:\/\/entreterreetciel.org\/index.php\/wp-json\/wp\/v2\/media?parent=32"}],"curies":[{"name":"wp","href":"https:\/\/api.w.org\/{rel}","templated":true}]}}